{"id":7,"date":"2021-04-16T11:28:24","date_gmt":"2021-04-16T09:28:24","guid":{"rendered":"https:\/\/teamdochnoch.de\/?page_id=7"},"modified":"2025-10-21T20:19:59","modified_gmt":"2025-10-21T18:19:59","slug":"teamdochnoch-de","status":"publish","type":"page","link":"https:\/\/teamdochnoch.de\/teamdochnoch\/teamdochnoch-de\/","title":{"rendered":"teamdochnoch.de"},"content":{"rendered":"\n<figure class=\"wp-block-image size-large is-style-default\"><a href=\"https:\/\/teamdochnoch.de\/PHOTO\/000\/IMG_5878.JPG\"><img class=\"colorbox-7\"  decoding=\"async\" src=\"https:\/\/teamdochnoch.de\/PHOTO\/000\/IMG_5878.JPG\" alt=\"\" style=\"aspect-ratio:16\/9;object-fit:cover\"\/><\/a><\/figure>\n\n\n\n<h1 class=\"wp-block-heading has-extra-large-font-size\">TEAMDOCHNOCH&#8230;<\/h1>\n\n\n\n<p>ist eine private Homepage. Hier geht es ums Radfahren, Segeln, etwas Wasserbau und dazu gibt es Bilder aus dem t\u00e4glichen Leben oder von Reisen, Landschaftsaufnahmen, Technik und Architektur. Einen regionalen Schwerpunkt bildet dabei die Region des nord\u00f6stlichen Berlin-Brandenburg. Reiseberichte stammen aus vielen Teilen Europas, dazu gibt es einige Bilder von Reisen aus Asien, Ozeanien, Nord- und S\u00fcdamerika.<\/p>\n\n\n\n<p>Die Arbeit an der Seite begann im Jahr 2000, seitdem ist sie \u00fcber die eigentliche Idee, meinen Fahrradreisen und den anderen Kernthemen meines Interesses einen Ort zu geben, weit hinausgewachsen. Dieses Wachstum und auch die M\u00f6glichkeiten des sogenannten Web 2.0 f\u00fchrten inzwischen aber dazu, da\u00df es einige nicht mehr aktuelle Bereiche gibt. Ich hoffe, da\u00df st\u00f6rt an den betreffenden Stellen nicht zu sehr.<\/p>\n\n\n\n<p><strong>teamdochnoch.de<\/strong> besteht aus neuen und alten Teilen. Die neu erstellten Inhalte werden mit wordpress gemanagt. Die alten basieren auf selbst programmierten HTML-Seiten. Sie gliedern sich grob in 3 Themenbereiche und sind \u00fcber die folgenden Links zu finden:<\/p>\n\n\n\n<h2 class=\"wp-block-heading\">AQUA<\/h2>\n\n\n\n<p><a href=\"https:\/\/teamdochnoch.de\/AQUA\/aqua.html\">AQUA<\/a> &#8211; alle Themen rund ums Wasser &#8211; Segeln und Wasserbau<\/p>\n\n\n\n<p><a href=\"https:\/\/teamdochnoch.de\/AQUA\/Dochnoch\/dochnoch.html\">DOCHNOCH<\/a> | <a href=\"https:\/\/teamdochnoch.de\/AQUA\/505\/505.html\">Team Werbellinsee<\/a> | <a href=\"https:\/\/teamdochnoch.de\/AQUA\/Windjammer\/windjammer.html\">Windjammer<\/a> | <a href=\"https:\/\/teamdochnoch.de\/AQUA\/Windjammer\/thor_heyerdahl.html\">Thor Heyerdahl<\/a> | <a href=\"https:\/\/teamdochnoch.de\/AQUA\/luna\/luka.html\">Segeln mit der Luna<\/a><a href=\"https:\/\/teamdochnoch.de\/AQUA\/wasserkraft.html\"> <\/a> <\/p>\n\n\n\n<p><a href=\"https:\/\/teamdochnoch.de\/AQUA\/wasserkraft.html\">WASSERBAU<\/a><a href=\"https:\/\/teamdochnoch.de\/AQUA\/Finowkanal\/fk.html\"> <\/a> (\u00dcbersicht) | <a href=\"https:\/\/teamdochnoch.de\/AQUA\/Finowkanal\/fk.html\">Finowkanal und Region<\/a> | <a href=\"https:\/\/teamdochnoch.de\/AQUA\/niederfinow\/schiffshebewerk.html\">Schiffshebewerk Niederfinow<\/a> | <a href=\"https:\/\/teamdochnoch.de\/AQUA\/ohk\/ohk.html\">Baustellenbegehung Oder-Havel-Kanal<\/a> | <a href=\"https:\/\/teamdochnoch.de\/AQUA\/kreuzung\/kreuzung.html\">Kreuzungsbauwerk<\/a> | <a href=\"https:\/\/teamdochnoch.de\/AQUA\/Wasserkraft\/wasserkraft_in_russland.html\">Wasserkraftanlagen an Wolga und Kama<\/a> | <a href=\"https:\/\/teamdochnoch.de\/AQUA\/arzviller\/arz-geschichte.html\">Schr\u00e4gaufzug St. Louis \/ Arzviller<\/a><\/p>\n\n\n\n<h2 class=\"wp-block-heading\">TERRA<\/h2>\n\n\n\n<p><a href=\"https:\/\/teamdochnoch.de\/TERRA\/terra.html\">TERRA<\/a> &#8211; Reisen &#8211; zun\u00e4chst mit dem Fahrrad, sp\u00e4ter auch Flug-Wanderreisen und Auto<\/p>\n\n\n\n<p><a href=\"https:\/\/teamdochnoch.de\/TERRA\/Skandinavien\/skandinavien.html\">Skandinavien 1992<\/a> | <a href=\"https:\/\/teamdochnoch.de\/TERRA\/Island\/island.html\">Island (iceland) 1994<\/a> | <a href=\"https:\/\/teamdochnoch.de\/TERRA\/Irland\/irland.html\">Irland 1995<\/a> | <a href=\"https:\/\/teamdochnoch.de\/TERRA\/Schottland\/schottland.html\">Schottland 1997<\/a> | <a href=\"https:\/\/teamdochnoch.de\/TERRA\/Neuseeland\/neuseeland.html\">New Zealand 1999\/2000<\/a> | <a href=\"https:\/\/teamdochnoch.de\/TERRA\/HU\/hu03.html\">Hungary \/ Ungarn 2003 Tandemtour<\/a><\/p>\n\n\n\n<p><a href=\"https:\/\/teamdochnoch.de\/TERRA\/CHILE\/chilebegin.html\">CHILE, Argentinien, Bolivien<\/a> | <a href=\"https:\/\/teamdochnoch.de\/TERRA\/baltik06\/index.html\">Baltik06 &#8211; einmal rund um die Ostsee<\/a> | <a href=\"https:\/\/teamdochnoch.de\/TERRA\/oz07\/index.htm\">Australien 2007<\/a> | <a href=\"https:\/\/teamdochnoch.de\/MIXED\/news\/06osi.html\">Unterwegs durch Osteuropa<\/a> | <a href=\"https:\/\/teamdochnoch.de\/PHOTO\/slovak\/index.htm\">Slowakei 2007<\/a><\/p>\n\n\n\n<p><a href=\"https:\/\/teamdochnoch.de\/MIXED\/Die_Bikes\/bikes.html\">Die Bikes<\/a> | <a href=\"https:\/\/teamdochnoch.de\/mtb-barnim\/MTBB.html\">Lost Trails<\/a>| <a href=\"https:\/\/teamdochnoch.de\/MIXED\/Half-Mile\/index.html\">Half Mile.recumbents and trailer<\/a><\/p>\n\n\n\n<h2 class=\"wp-block-heading\">MIXED<\/h2>\n\n\n\n<p><a href=\"https:\/\/teamdochnoch.de\/MIXED\/mixed.html\">MIXED<\/a> &#8211; der ganze Rest &#8211; Bilderseiten zu verschiedenen Themen<\/p>\n\n\n\n<p><a href=\"https:\/\/teamdochnoch.de\/PHOTO\/foto.html\">Beherrschung der Bilderflut<\/a> | <a href=\"https:\/\/teamdochnoch.de\/PHOTO\/_ueber\/bar.html\">Barnim<\/a> | <a href=\"https:\/\/teamdochnoch.de\/PHOTO\/_ueber\/ebw.html\">Eberswalde<\/a> | <a href=\"https:\/\/teamdochnoch.de\/PHOTO\/_ueber\/berlin.html\">Berlin<\/a> | <a href=\"https:\/\/teamdochnoch.de\/PHOTO\/_ueber\/mol.html\">M\u00e4rkisch Oderland<\/a> | <a href=\"https:\/\/teamdochnoch.de\/PHOTO\/_ueber\/uckermark.html\">Uckermark<\/a> | <a href=\"https:\/\/teamdochnoch.de\/MIXED\/mixed_rail.html\">Die Bahn kommt<\/a> | <a href=\"https:\/\/teamdochnoch.de\/PHOTO\/bahn.htm\">Beobachtungen am Schienenstrang<\/a> | <a href=\"https:\/\/teamdochnoch.de\/MIXED\/PdR\/pdr_pics.html\">Palast der Republik<\/a> | <a href=\"https:\/\/teamdochnoch.de\/MIXED\/kart\/allekarten.htm\">Karten<\/a><\/p>\n\n\n\n<h2 class=\"wp-block-heading has-black-color has-text-color\">Neuere Inhalte<\/h2>\n\n\n\n<p>Neue Beitr\u00e4ge nach Jahren: <a href=\"https:\/\/teamdochnoch.de\/2022\/\">2022<\/a> | <a href=\"https:\/\/teamdochnoch.de\/2023\/\">2023<\/a> | <a href=\"https:\/\/teamdochnoch.de\/2024\/\" data-type=\"link\" data-id=\"https:\/\/teamdochnoch.de\/2024\/\">2024<\/a> | <a href=\"https:\/\/teamdochnoch.de\/2025\/\">2025<\/a> &#8211; \u00e4ltere Beitr\u00e4ge sind noch unter <a href=\"http:\/\/www.mtbb.de\/\" target=\"_blank\" rel=\"noreferrer noopener\">mtbb.de<\/a> zu finden.<\/p>\n","protected":false},"excerpt":{"rendered":"<p>TEAMDOCHNOCH&#8230; ist eine private Homepage. Hier geht es ums Radfahren, Segeln, etwas Wasserbau und dazu gibt es Bilder aus dem t\u00e4glichen Leben oder von Reisen, Landschaftsaufnahmen, Technik und Architektur. Einen regionalen Schwerpunkt bildet dabei die Region des nord\u00f6stlichen Berlin-Brandenburg. Reiseberichte stammen aus vielen Teilen Europas, dazu gibt es einige Bilder von Reisen aus Asien, Ozeanien, [&hellip;]<\/p>\n","protected":false},"author":1,"featured_media":0,"parent":0,"menu_order":0,"comment_status":"closed","ping_status":"closed","template":"","meta":{"footnotes":""},"class_list":["post-7","page","type-page","status-publish","hentry"],"_links":{"self":[{"href":"https:\/\/teamdochnoch.de\/teamdochnoch\/wp-json\/wp\/v2\/pages\/7","targetHints":{"allow":["GET"]}}],"collection":[{"href":"https:\/\/teamdochnoch.de\/teamdochnoch\/wp-json\/wp\/v2\/pages"}],"about":[{"href":"https:\/\/teamdochnoch.de\/teamdochnoch\/wp-json\/wp\/v2\/types\/page"}],"author":[{"embeddable":true,"href":"https:\/\/teamdochnoch.de\/teamdochnoch\/wp-json\/wp\/v2\/users\/1"}],"replies":[{"embeddable":true,"href":"https:\/\/teamdochnoch.de\/teamdochnoch\/wp-json\/wp\/v2\/comments?post=7"}],"version-history":[{"count":9,"href":"https:\/\/teamdochnoch.de\/teamdochnoch\/wp-json\/wp\/v2\/pages\/7\/revisions"}],"predecessor-version":[{"id":11873,"href":"https:\/\/teamdochnoch.de\/teamdochnoch\/wp-json\/wp\/v2\/pages\/7\/revisions\/11873"}],"wp:attachment":[{"href":"https:\/\/teamdochnoch.de\/teamdochnoch\/wp-json\/wp\/v2\/media?parent=7"}],"curies":[{"name":"wp","href":"https:\/\/api.w.org\/{rel}","templated":true}]}}