{"id":35,"date":"2023-03-09T08:16:35","date_gmt":"2023-03-09T07:16:35","guid":{"rendered":"https:\/\/teamdochnoch.de\/?page_id=35"},"modified":"2023-12-28T12:03:29","modified_gmt":"2023-12-28T11:03:29","slug":"chausseehaeuser-und-chausseehauskarte","status":"publish","type":"page","link":"https:\/\/teamdochnoch.de\/teamdochnoch\/chausseehaeuser-und-chausseehauskarte\/","title":{"rendered":"Chausseeh\u00e4user und Chausseehauskarte"},"content":{"rendered":"\n<h2 class=\"wp-block-heading\">\u00dcber Chausseeh\u00e4user<\/h2>\n\n\n\n<p>&#8230; wurde schon an verschiedenen Stellen geschrieben. Ich verweise hier nur auf einige mir bekannte:<\/p>\n\n\n\n<p>wikipedia: <a href=\"https:\/\/de.wikipedia.org\/wiki\/Chausseehaus\" target=\"_blank\" rel=\"noreferrer noopener\">Chausseehaus<\/a><\/p>\n\n\n\n<p>chhmap.de: <a href=\"https:\/\/www.chhmap.de\/info.php\" target=\"_blank\" rel=\"noreferrer noopener\">Chausseehaus &#8211; Info<\/a><\/p>\n\n\n\n<p>chaussee.haus: <a href=\"https:\/\/chaussee.haus\/2006\/12\/20\/kurze-einfuhrung\/\">kurze Einf\u00fchrung<\/a><\/p>\n\n\n\n<p>Eine besondere Erw\u00e4hnung sollen zwei im Netz verf\u00fcgbare Beitr\u00e4ge von Sabine Ambrosius und Gabriele Horn bekommen:<\/p>\n\n\n\n<p><a href=\"https:\/\/www.google.com\/url?sa=t&amp;rct=j&amp;q=&amp;esrc=s&amp;source=web&amp;cd=&amp;cad=rja&amp;uact=8&amp;ved=2ahUKEwjg3Jv9xs30AhXWSPEDHXYeAloQFnoECAwQAQ&amp;url=https%3A%2F%2Fwww.potsdam.de%2Fsites%2Fdefault%2Ffiles%2Fdocuments%2F2012_kulturstrassen_ambrosius-horn_chausseehaeuser_-_meilensteine.pdf&amp;usg=AOvVaw23ogX6vnd3Vd-waMwb7PP7\">Sabine Ambrosius, Gabriele Horn<br>Chausseeh\u00e4user \u2013 Meilensteine<br>Eine noch verkannte Perlenkette, die Residenzen,<br>St\u00e4dte und D\u00f6rfer miteinander verbindet<\/a>  (pdf-Link) <\/p>\n\n\n\n<p><a rel=\"noreferrer noopener\" href=\"https:\/\/www.google.com\/url?sa=t&amp;rct=j&amp;q=&amp;esrc=s&amp;source=web&amp;cd=&amp;cad=rja&amp;uact=8&amp;ved=2ahUKEwjg3Jv9xs30AhXWSPEDHXYeAloQFnoECA0QAQ&amp;url=https%3A%2F%2Fwww.potsdam.de%2Fsites%2Fdefault%2Ffiles%2Fdocuments%2F2012_ambrosius_horn_architectura_minora_-_chausseehaeuser_in_der_neumark_nowa_marchia.pdf&amp;usg=AOvVaw2px09adLU4l4WMqW8ya0vp\" target=\"_blank\">Sabine Ambrosius, Gabriele Horn<br>Architectura minora \u2013 Chausseeh\u00e4user in der Neumark<br>(Nowa Marchia)<\/a> (pdf-Link)<\/p>\n\n\n\n<p>In beiden Aufs\u00e4tzen geht es um die Entwicklung des Chausseewesens in Brandenburg und Preu\u00dfen und um die wechselnde Rolle der Chausseeh\u00e4user.<\/p>\n\n\n\n<h2 class=\"wp-block-heading\">ein Extra zum Wegzoll<\/h2>\n\n\n\n<p>Zum Wegzoll gibt es in der wikipedia einen Artikel, aus dem ich die wichtigsten Teile hier zitiere:<\/p>\n\n\n\n<blockquote class=\"wp-block-quote is-layout-flow wp-block-quote-is-layout-flow\">\n<p>Wegzoll (auch Wegezoll oder Wegegeld) war eine Abgabe an den jeweiligen Grundherrn von Reisenden und Kaufleuten, damit dieser Personenkreis die Stra\u00dfen und Wasserwege des Landes nutzen durfte. Wegzoll, auch durchgesetzt durch den Stra\u00dfenzwang,[1] war besonders im Mittelalter stark verbreitet und neben den Zahlungen aus dem Stapelrecht eine wichtige Einnahmequelle. Heute ist der artverwandte Begriff Maut gel\u00e4ufiger.<\/p>\n\n\n\n<p>&#8230;<\/p>\n\n\n\n<p>Wegzoll musste meist an strategischen Stellen wie Br\u00fccken oder Stadttoren entrichtet werden. In Europa geht der Wegzoll auf germanische St\u00e4mme zur\u00fcck, die Abgaben von Reisenden verlangten, wenn sie Gebirgspassagen durchqueren wollten. Wegzoll musste dann seit dem Mittelalter besonders im Heiligen R\u00f6mischen Reich gezahlt werden.<\/p>\n\n\n\n<p>&#8230;<\/p>\n\n\n\n<p>Beim Erheben des Wegzolls gab es keine bindenden Vorschriften, weshalb oft Willk\u00fcr herrschte. Der \u00dcbergang vom Zoll zum Raub war gleitend.[3] Zwar standen die Z\u00f6lle den Landesherren zu, doch die von ihnen auf den Zollburgen eingesetzten Ministerialen entschieden oft selbst\u00e4ndig \u00fcber ihre H\u00f6he und das von ihnen einbehaltene Entgelt.<\/p>\n<cite>Aus <a href=\"https:\/\/de.wikipedia.org\/wiki\/Wegzoll\">Wegezoll<\/a><\/cite><\/blockquote>\n\n\n\n<h2 class=\"wp-block-heading\">Chausseehausfotografie &#8211; Wie alles begann<\/h2>\n\n\n\n<p>Mein erstes Chausseehaus habe ich zwar schon fr\u00fch fotografiert und ein Bild von diesem am <a href=\"https:\/\/b.mtbb.de\/2005\/02\/19\/chausseehaus-an-der-b109-suedlich-von-gross-schoenebeck\/\">19.02.2005 (Chausseehaus Gro\u00df Sch\u00f6nebeck B109)<\/a> gezeigt. Aber das Thema schlummerte danach viele Jahre so vor sich hin. Auf das gezielte suchen und fotografieren der Chausseeh\u00e4user brachte mich erst Christoph, der schon viele Jahre einen Blog zu Chausseeh\u00e4usern betreibt: <a href=\"https:\/\/chaussee.haus\/\" target=\"_blank\" rel=\"noreferrer noopener\">Chaussee.haus<\/a> (es gab einen Vorl\u00e4ufer bei blogspot). Christoph habe ich auch immer wieder zugearbeitet, wenn ich interessante H\u00e4user gefunden hatte. <\/p>\n\n\n\n<p>Ich habe ihn parallel dazu auch immer mal wieder nach einer Karte mit seinen (und dadurch auch meinen) Chausseeh\u00e4usern gefragt. Das hat er leider bis heute nicht geschafft. <\/p>\n\n\n\n<p>Eine Karte mit Chausseeh\u00e4usern gibt es auch schon einige Jahre: <a rel=\"noreferrer noopener\" href=\"https:\/\/www.chhaus.de\/\" target=\"_blank\">Chausseehaus Map<\/a>. Der Autor l\u00e4dt auch andere zur Mitarbeit ein. Das war mir dann aber zu starr und gab zu viele Abh\u00e4ngigkeiten, so dass ich 2021 kurzerhand selbst eine Chausseehauskarte bei google-maps begonnen habe: <a rel=\"noreferrer noopener\" href=\"https:\/\/www.google.com\/maps\/d\/edit?mid=1AR80Xh3e-r2JUkwRypkqG_a-nrOxP_BQ&amp;usp=sharing\" target=\"_blank\">meine Ch.H-Karte<\/a><\/p>\n\n\n\n<p>Die Karte enth\u00e4lt verschiedene Objekte an und in der N\u00e4he von Chausseen, dazu weiter unten mehr.<\/p>\n\n\n\n<h2 class=\"wp-block-heading\">Quellen zur Chausseehaussuche<\/h2>\n\n\n\n<p>Als Quelle bei der Suche nutze ich neben den oben genannten Seiten und nat\u00fcrlich der Beobachtung der Landschaft rechts und links der Stra\u00dfen, vor allem online verf\u00fcgbare historische Karten.<\/p>\n\n\n\n<p>Ich startete zun\u00e4chst mit dem Landkartenarchiv u.a. mit den Karten <a rel=\"noreferrer noopener\" href=\"https:\/\/www.landkartenarchiv.de\/vollbild_kartedesdeutschenreichs.php?lat=52.845&amp;long=13.6815&amp;zoom=13\" target=\"_blank\">Karte des Deutschen Reiches 1:100.000<\/a> und vor allem <a rel=\"noreferrer noopener\" href=\"https:\/\/www.landkartenarchiv.de\/deutschland_messtischblaetter.php\" target=\"_blank\">Me\u00dftischbl\u00e4tter 1:25.000<\/a>. Nachteil der Me\u00dftischbl\u00e4tter ist allerdings, dass jedes Me\u00dftischblatt einzeln ge\u00f6ffnet werden muss, was nat\u00fcrlich bei der Unzahl an Me\u00dftischbl\u00e4ttern, die inzwischen digital verf\u00fcgbar sind, etwas kompliziert ist. Endlos schieben kann man aber die  <a rel=\"noreferrer noopener\" href=\"https:\/\/www.landkartenarchiv.de\/vollbild_kartedesdeutschenreichs.php?lat=52.845&amp;long=13.6815&amp;zoom=13\" target=\"_blank\">Karte des Deutschen Reiches 1:100.000<\/a>, diese enth\u00e4lt auch wieder teilweise andere Chausseeh\u00e4user als die verf\u00fcgbaren Me\u00dftischbl\u00e4tter oder die anderen online-Karten.<\/p>\n\n\n\n<p>Als n\u00e4chstes fand ich <a href=\"https:\/\/susudata.de\/\" target=\"_blank\" rel=\"noreferrer noopener\">Susudata<\/a> sehr hilfreich. Auf Susudata werden digital verf\u00fcgbare Me\u00dftischbl\u00e4tter zu einer nahtlosen Karte verkn\u00fcpft, in die man quasi unendlich rein- oder rauszoomen kann, vor eine Openstreetmap projiziert. Dabei kann \u00fcber einen Schieber die Deckungskraft der Me\u00dftischbl\u00e4tter ver\u00e4ndert werden. Neben den Me\u00dftischbl\u00e4ttern k\u00f6nnen u.a. auch schweizer topografische Karten als Layer gew\u00e4hlt werden. Susudata ist jetzt schon ein sehr m\u00e4chtiges Werkzeug und ich bin auf die weitere Entwicklung gespannt.<\/p>\n\n\n\n<p>Nachteil von Susudata ist allerdings, dass nur immer ein Me\u00dftischblatt gezeigt wird und es keine M\u00f6glichkeit gibt, Karten aus verschiedenen Jahren anzuzeigen. Die Karten haben ein anderes Alter als die von der <a rel=\"noreferrer noopener\" href=\"https:\/\/www.landkartenarchiv.de\/vollbild_kartedesdeutschenreichs.php?lat=52.845&amp;long=13.6815&amp;zoom=13\" target=\"_blank\">Karte des Deutschen Reiches 1:100.000<\/a>, so dass man beide Seiten auch gut kombinieren kann.<\/p>\n\n\n\n<p>In diese L\u00fccke der Karten verschiedenen Alters springt das <a rel=\"noreferrer noopener\" href=\"https:\/\/kartenforum.slub-dresden.de\/vkviewer?%3Fwelcomepage=off&amp;z=5&amp;c=9.5581%2C49.8092&amp;oid\" target=\"_blank\">Virtuelle Kartenforum 2.0<\/a> der Uni Dresden. Analog zu Susudata ist eine Openstreetmap Grundlage der Navigation. Am linken Rand werden dann alle f\u00fcr den sichtbaren Bereich verf\u00fcgbaren historischen digitalen Karten angezeigt und diese k\u00f6nnen dann auch noch mit verschiedenen \u00dcberdeckungsgraden \u00fcbereinander angeschaut werden. Das Tool ist noch m\u00e4chtiger, dadurch aber auch etwas un\u00fcbersichtlicher.<\/p>\n\n\n\n<p>F\u00fcr Brandenburg hilft nat\u00fcrlich der <a rel=\"noreferrer noopener\" href=\"https:\/\/bb-viewer.geobasis-bb.de\/?projection=EPSG:25833&amp;center=374753.4695825954,5723708.344223825&amp;zoom=7&amp;bglayer=1&amp;layers=25,64\" target=\"_blank\">BrandenburgViewer<\/a>. Vorteil gegen\u00fcber Susudata ist, dass die Me\u00dftischbl\u00e4tter \u00e4lter sind. So dass etwas mehr Chausseeh\u00e4user verzeichnet sind. Nachteil ist aber die etwas kompliziertere Bedienung, da nicht so einfach die Geokoordinaten eines bestimmten Objekts ermittelt werden k\u00f6nnen.<\/p>\n\n\n\n<p>F\u00fcr Bayern hilft dann noch der <a rel=\"noreferrer noopener\" href=\"https:\/\/geoportal.bayern.de\/bayernatlas\/?base=210&amp;zoom=10&amp;lang=de&amp;topic=zeitr&amp;bgLayer=atkis&amp;time=1942&amp;layers=zeitreihe_tk&amp;layers_timestamp=19421231&amp;E=779635&amp;N=5472469&amp;crosshair=marker\" data-type=\"URL\" data-id=\"https:\/\/geoportal.bayern.de\/bayernatlas\/?base=210&amp;zoom=10&amp;lang=de&amp;topic=zeitr&amp;bgLayer=atkis&amp;time=1942&amp;layers=zeitreihe_tk&amp;layers_timestamp=19421231&amp;E=779635&amp;N=5472469&amp;crosshair=marker\" target=\"_blank\">BayernAtlas des Geoportal Bayern<\/a>. Hier kann \u00fcber einen Schieberegler nach \u00e4lteren oder j\u00fcngeren Karten gesucht werden.<\/p>\n\n\n\n<p>Einige interessante Funde hatte ich auch beim Verein f\u00fcr Computergenealogie mit einer Suche nach passenden Begriffen auf deren Seite <a rel=\"noreferrer noopener\" href=\"http:\/\/gov.genealogy.net\/search\/index\" target=\"_blank\">GOV :: Das Geschichtliche Orts-Verzeichnis<\/a>. Neben der Suche nach dem kompletten Wort Chausseehaus halfen auch Abwandlungen oder analoge Begriffe wie z.B. Mauth\u00e4usl. Die Suche mit dieser Hilfe war manchmal ganz einfach, da konkrete Koordinaten angegeben wurden, manchmal aber auch abenteuerlich, wenn die Koordinaten nur gesch\u00e4tzt waren.<\/p>\n\n\n\n<p>Noch abenteuerlicher wurde die Suche nach Chausseeh\u00e4usern auf Grund von Hinweisen im Bavarikon, der gro\u00dfen digitalen Sammlung aus Bayern: <a href=\"https:\/\/www.bavarikon.de\/?lang=de\">Bavarikon<\/a>. Die digitalisierten Objekte beschr\u00e4nken sich nicht nur auf Bayern, so dass ich dadurch auf Chausseeh\u00e4user aus vielen verschiedenen deutschen oder ehemals deutschen Regionen aufmerksam wurde. Das Bavarikon war allerdings immer nur ein Einstieg in die Suche auf historischen digitalen Karten.<\/p>\n\n\n\n<p>Das  <a href=\"https:\/\/www.bavarikon.de\/?lang=de\">Bavarikon<\/a> ist aber auch ein Einstieg in historische Episoden, die mit Chausseeh\u00e4usern zu tun haben. Ich fand u.a. Geschichten zum Deutsch-D\u00e4nischen Krieg, zu den Napoleonischen Feldz\u00fcgen, aber auch zu einfachem Diebstahl, verlorenen Dingen und auch zu Trauerfeierlichkeiten. <\/p>\n\n\n\n<p>Daneben kam ich bei der Suche nach bestimmten Hinweisen oft auf mehrere Parallelhinweise, wodurch ich immer wieder auch auf Homepages von St\u00e4dten mit ihrer Historie oder auch Restaurants oder Privatseiten kam.<\/p>\n\n\n\n<p>Weitere Quellen, bei denen ich mehr als einen Hinweis auf ein Chausseehaus gefunden habe:<\/p>\n\n\n\n<p>Deutsche Digitale Bibliothek &#8211; <a rel=\"noreferrer noopener\" href=\"https:\/\/www.deutsche-digitale-bibliothek.de\/searchresults?isThumbnailFiltered=true&amp;query=Chausseehaus\" target=\"_blank\">Suche Chausseehaus<\/a><\/p>\n\n\n\n<p>Das Historisches Ortslexikon f\u00fcr Brandenburg lieferte viele Hinweise, die aber immer \u00fcber Karten verifiziert werden mussten. Das Historisches Ortslexikon f\u00fcr Brandenburg ist teilweise online verf\u00fcgbar. Im Historischen Ortslexikon-IX_Beeskow-Storkow gibt es zus\u00e4tzlich sehr viele Hinweise auf Zollstellen, ohne konkrete H\u00e4user, daf\u00fcr aber wenig Chausseeh\u00e4user.<\/p>\n\n\n\n<h2 class=\"wp-block-heading\">Dargestellte Objekte in der Karte<\/h2>\n\n\n\n<p>Bei meiner Karte beschr\u00e4nke ich mich nicht ausschlie\u00dflich auf Chausseeh\u00e4user. Wie in den Erl\u00e4uterungen und Links weiter oben schon erkl\u00e4rt, gab es an manchen Stellen einen fast schon flie\u00dfenden \u00dcbergang zwischen Zollh\u00e4usern, Chausseeh\u00e4usern, Forsth\u00e4usern und auch Kr\u00fcgen oder Wirtsh\u00e4usern oder ihren jeweiligen Verwandten. Und Chausseeh\u00e4user k\u00f6nnen auch fast \u00fcberall an Chausseen stehen.<\/p>\n\n\n\n<p>Demzufolge habe ich neben den eindeutigen Chausseeh\u00e4usern auch Marker auf Zollh\u00e4user, Wirtsh\u00e4user in markanter Lage und auch Waldarbeiterh\u00e4user und Forsth\u00e4user gesetzt. <\/p>\n\n\n\n<p>Zus\u00e4tzlich wurden auch einige Meilensteine markiert, auch als Merker f\u00fcr mich, dass ich hier schon einmal gesucht habe. Und hin und wieder sind Hinweise auf markante Objekte enthalten, die ich eher durch Zufall auf den historischen Karten entdeckt habe.<\/p>\n\n\n\n<p>Aktuell (Stand 21.03.2023) sind gut 2.800 Objekte enthalten. Davon mehr als 50% eindeutige Chausseeh\u00e4user bzw. Orte, an denen fr\u00fcher Chausseeh\u00e4user standen. Wenn ich Bilder aufgenommen habe oder mir Links zu Bildern bekannt sind, sind die Links beim Klick auf den Marker zu sehen.<\/p>\n\n\n\n<p>Hier noch einmal der Link auf <a href=\"https:\/\/www.google.com\/maps\/d\/viewer?mid=1AR80Xh3e-r2JUkwRypkqG_a-nrOxP_BQ&amp;ll=53.02093577397273%2C13.575370942867506&amp;z=9\" target=\"_blank\" rel=\"noreferrer noopener\">meine Ch.H-Karte<\/a>. Viel Spa\u00df damit. Und wenn jemand einen Link auf ein nicht vermerktes Chausseehaus hat, bitte ich um Zusendung, ich nehme ihn gerne in die Karte auf.<\/p>\n\n\n\n<p>Meine Fotosammlung ist aktuell noch auf zwei Seiten verteilt. Chausseeh\u00e4user sind sowohl bei <a href=\"https:\/\/teamdochnoch.de\/tag\/chausseehaus\/\">teamdochnoch.de<\/a> als auch bei <a href=\"http:\/\/b.mtbb.de\/tag\/chausseehaus\/\">b.mtbb.de<\/a> zu finden. Mit Stand vom 21.03.2023 sind ca. 230 Chausseeh\u00e4user bildlich dokumentiert. Es ruhen im Archiv aber noch Bilder einiger weiterer Chausseeh\u00e4user.<\/p>\n","protected":false},"excerpt":{"rendered":"<p>\u00dcber Chausseeh\u00e4user &#8230; wurde schon an verschiedenen Stellen geschrieben. Ich verweise hier nur auf einige mir bekannte: wikipedia: Chausseehaus chhmap.de: Chausseehaus &#8211; Info chaussee.haus: kurze Einf\u00fchrung Eine besondere Erw\u00e4hnung sollen zwei im Netz verf\u00fcgbare Beitr\u00e4ge von Sabine Ambrosius und Gabriele Horn bekommen: Sabine Ambrosius, Gabriele HornChausseeh\u00e4user \u2013 MeilensteineEine noch verkannte Perlenkette, die Residenzen,St\u00e4dte und D\u00f6rfer [&hellip;]<\/p>\n","protected":false},"author":1,"featured_media":0,"parent":0,"menu_order":0,"comment_status":"closed","ping_status":"closed","template":"","meta":{"footnotes":""},"class_list":["post-35","page","type-page","status-publish","hentry"],"_links":{"self":[{"href":"https:\/\/teamdochnoch.de\/teamdochnoch\/wp-json\/wp\/v2\/pages\/35","targetHints":{"allow":["GET"]}}],"collection":[{"href":"https:\/\/teamdochnoch.de\/teamdochnoch\/wp-json\/wp\/v2\/pages"}],"about":[{"href":"https:\/\/teamdochnoch.de\/teamdochnoch\/wp-json\/wp\/v2\/types\/page"}],"author":[{"embeddable":true,"href":"https:\/\/teamdochnoch.de\/teamdochnoch\/wp-json\/wp\/v2\/users\/1"}],"replies":[{"embeddable":true,"href":"https:\/\/teamdochnoch.de\/teamdochnoch\/wp-json\/wp\/v2\/comments?post=35"}],"version-history":[{"count":10,"href":"https:\/\/teamdochnoch.de\/teamdochnoch\/wp-json\/wp\/v2\/pages\/35\/revisions"}],"predecessor-version":[{"id":9845,"href":"https:\/\/teamdochnoch.de\/teamdochnoch\/wp-json\/wp\/v2\/pages\/35\/revisions\/9845"}],"wp:attachment":[{"href":"https:\/\/teamdochnoch.de\/teamdochnoch\/wp-json\/wp\/v2\/media?parent=35"}],"curies":[{"name":"wp","href":"https:\/\/api.w.org\/{rel}","templated":true}]}}